{"id":2,"date":"2021-10-26T09:38:52","date_gmt":"2021-10-26T07:38:52","guid":{"rendered":"https:\/\/www.bei-paul.de\/leo\/?page_id=2"},"modified":"2021-11-03T09:35:54","modified_gmt":"2021-11-03T08:35:54","slug":"leistungen","status":"publish","type":"page","link":"https:\/\/www.bei-paul.de\/leo\/leistungen\/","title":{"rendered":"Leistungen"},"content":{"rendered":"\n<p><strong>Zufriedene Kunden sind unser gr\u00f6\u00dftes Ziel, professionelles Arbeiten absolute Selbstverst\u00e4ndlichkeit.<\/strong><br>Mit dieser&nbsp;<a rel=\"noreferrer noopener\" href=\"http:\/\/www.foerdermittel-auskunft.de\/\" target=\"_blank\">Online-Datenbank<\/a>&nbsp;erhalten Sie kostenlos und direkt relevante Informationen \u00fcber alle F\u00f6rdergelder f\u00fcr Ihr Bauvorhaben oder Sanierung.<\/p>\n\n\n\n<p>Um den Anspruch gerecht zu werden und einen allumfassenden Service mit Beratung bieten zu k\u00f6nnen, haben wir die Angebotspalette ganz gem\u00e4\u00df den Erfordernissen der Zeit und den W\u00fcnschen unseren Kunden st\u00e4ndig erweitert.<\/p>\n\n\n\n<div style=\"height:100px\" aria-hidden=\"true\" class=\"wp-block-spacer\"><\/div>\n\n\n\n<div class=\"wp-block-media-text alignwide is-stacked-on-mobile is-vertically-aligned-top\" style=\"grid-template-columns:27% auto\" id=\"malerarbeiten\"><figure class=\"wp-block-media-text__media\"><img loading=\"lazy\" decoding=\"async\" width=\"240\" height=\"240\" src=\"https:\/\/www.bei-paul.de\/leo\/wp-content\/uploads\/2021\/10\/240_F_216770480_JvPUk7rTOQK9ea0PJcN46rKILcyLkDWt-6.jpg\" alt=\"\" class=\"wp-image-281 size-full\" srcset=\"https:\/\/www.bei-paul.de\/leo\/wp-content\/uploads\/2021\/10\/240_F_216770480_JvPUk7rTOQK9ea0PJcN46rKILcyLkDWt-6.jpg 240w, https:\/\/www.bei-paul.de\/leo\/wp-content\/uploads\/2021\/10\/240_F_216770480_JvPUk7rTOQK9ea0PJcN46rKILcyLkDWt-6-150x150.jpg 150w, https:\/\/www.bei-paul.de\/leo\/wp-content\/uploads\/2021\/10\/240_F_216770480_JvPUk7rTOQK9ea0PJcN46rKILcyLkDWt-6-100x100.jpg 100w, https:\/\/www.bei-paul.de\/leo\/wp-content\/uploads\/2021\/10\/240_F_216770480_JvPUk7rTOQK9ea0PJcN46rKILcyLkDWt-6-200x200.jpg 200w\" sizes=\"auto, (max-width: 240px) 100vw, 240px\" \/><\/figure><div class=\"wp-block-media-text__content\">\n<p id=\"malerarbeiten\"><strong>MALER- UND LACKIERARBEITEN<\/strong><\/p>\n\n\n\n<ul class=\"wp-block-list\"><li>Anstrich- und Lackierarbeiten<\/li><li>kreative Wandbel\u00e4ge<\/li><li>Sanierungen<\/li><li><a href=\"http:\/\/www.giorgiograesan.it\/de\/index.php\" target=\"_blank\" rel=\"noreferrer noopener\">Lasuren- und Kalkpresstechniken<\/a><\/li><li>Industrieanstriche<\/li><li>Beschichtungen<\/li><\/ul>\n<\/div><\/div>\n\n\n\n<div style=\"height:100px\" aria-hidden=\"true\" class=\"wp-block-spacer\"><\/div>\n\n\n\n<div class=\"wp-block-media-text alignwide is-stacked-on-mobile is-vertically-aligned-top\" style=\"grid-template-columns:28% auto\" id=\"tapezieren\"><figure class=\"wp-block-media-text__media\"><img loading=\"lazy\" decoding=\"async\" width=\"240\" height=\"240\" src=\"https:\/\/www.bei-paul.de\/leo\/wp-content\/uploads\/2021\/10\/240_F_298169833_VlfxG7PFfuaGndL1AB3bJIB3tC50r5fC-7.jpg\" alt=\"\" class=\"wp-image-283 size-full\" srcset=\"https:\/\/www.bei-paul.de\/leo\/wp-content\/uploads\/2021\/10\/240_F_298169833_VlfxG7PFfuaGndL1AB3bJIB3tC50r5fC-7.jpg 240w, https:\/\/www.bei-paul.de\/leo\/wp-content\/uploads\/2021\/10\/240_F_298169833_VlfxG7PFfuaGndL1AB3bJIB3tC50r5fC-7-150x150.jpg 150w, https:\/\/www.bei-paul.de\/leo\/wp-content\/uploads\/2021\/10\/240_F_298169833_VlfxG7PFfuaGndL1AB3bJIB3tC50r5fC-7-100x100.jpg 100w, https:\/\/www.bei-paul.de\/leo\/wp-content\/uploads\/2021\/10\/240_F_298169833_VlfxG7PFfuaGndL1AB3bJIB3tC50r5fC-7-200x200.jpg 200w\" sizes=\"auto, (max-width: 240px) 100vw, 240px\" \/><\/figure><div class=\"wp-block-media-text__content\">\n<p id=\"tapezierarbeiten\"><strong>TAPEZIERARBEITEN &amp; DEKORATION<\/strong><\/p>\n\n\n\n<ul class=\"wp-block-list\"><li><a rel=\"noreferrer noopener\" href=\"http:\/\/www.erfurt.com\/\" target=\"_blank\">Papier-, Kunststoff- und Glastapeten<\/a><\/li><li><a rel=\"noreferrer noopener\" href=\"http:\/\/www.as-creation.de\/startseite.html\" target=\"_blank\">Textiltapeten<\/a><\/li><\/ul>\n<\/div><\/div>\n\n\n\n<div style=\"height:100px\" aria-hidden=\"true\" class=\"wp-block-spacer\"><\/div>\n\n\n\n<div class=\"wp-block-media-text alignwide is-stacked-on-mobile is-vertically-aligned-top\" style=\"grid-template-columns:27% auto\" id=\"bodenbelagsarbeiten\"><figure class=\"wp-block-media-text__media\"><img loading=\"lazy\" decoding=\"async\" width=\"657\" height=\"597\" src=\"https:\/\/www.bei-paul.de\/leo\/wp-content\/uploads\/2021\/10\/2.Unbenannt.png\" alt=\"\" class=\"wp-image-289 size-full\" srcset=\"https:\/\/www.bei-paul.de\/leo\/wp-content\/uploads\/2021\/10\/2.Unbenannt.png 657w, https:\/\/www.bei-paul.de\/leo\/wp-content\/uploads\/2021\/10\/2.Unbenannt-300x273.png 300w, https:\/\/www.bei-paul.de\/leo\/wp-content\/uploads\/2021\/10\/2.Unbenannt-100x91.png 100w, https:\/\/www.bei-paul.de\/leo\/wp-content\/uploads\/2021\/10\/2.Unbenannt-150x136.png 150w, https:\/\/www.bei-paul.de\/leo\/wp-content\/uploads\/2021\/10\/2.Unbenannt-200x182.png 200w, https:\/\/www.bei-paul.de\/leo\/wp-content\/uploads\/2021\/10\/2.Unbenannt-450x409.png 450w, https:\/\/www.bei-paul.de\/leo\/wp-content\/uploads\/2021\/10\/2.Unbenannt-600x545.png 600w\" sizes=\"auto, (max-width: 657px) 100vw, 657px\" \/><\/figure><div class=\"wp-block-media-text__content\">\n<p><strong>BODENBEL\u00c4GE<\/strong><\/p>\n\n\n\n<ul class=\"wp-block-list\"><li><a href=\"http:\/\/www.object-carpet.com\/\" target=\"_blank\" rel=\"noreferrer noopener\">Teppiche und PVC-Bel\u00e4ge<\/a><\/li><li>Industriefu\u00dfb\u00f6den<\/li><li>Fertigparkett<\/li><li><a href=\"http:\/\/www.witex-laminat-shop.de\/\" target=\"_blank\" rel=\"noreferrer noopener\">Laminat<\/a><\/li><\/ul>\n<\/div><\/div>\n\n\n\n<div style=\"height:100px\" aria-hidden=\"true\" class=\"wp-block-spacer\"><\/div>\n\n\n\n<div class=\"wp-block-media-text alignwide is-stacked-on-mobile is-vertically-aligned-top\" style=\"grid-template-columns:27% auto\" id=\"restaurationsarbeiten\"><figure class=\"wp-block-media-text__media\"><img loading=\"lazy\" decoding=\"async\" width=\"1024\" height=\"1024\" src=\"https:\/\/www.bei-paul.de\/leo\/wp-content\/uploads\/2021\/11\/restauration-1-1024x1024.jpg\" alt=\"\" class=\"wp-image-553 size-full\" srcset=\"https:\/\/www.bei-paul.de\/leo\/wp-content\/uploads\/2021\/11\/restauration-1-1024x1024.jpg 1024w, https:\/\/www.bei-paul.de\/leo\/wp-content\/uploads\/2021\/11\/restauration-1-300x300.jpg 300w, https:\/\/www.bei-paul.de\/leo\/wp-content\/uploads\/2021\/11\/restauration-1-150x150.jpg 150w, https:\/\/www.bei-paul.de\/leo\/wp-content\/uploads\/2021\/11\/restauration-1-768x768.jpg 768w, https:\/\/www.bei-paul.de\/leo\/wp-content\/uploads\/2021\/11\/restauration-1-1536x1536.jpg 1536w, https:\/\/www.bei-paul.de\/leo\/wp-content\/uploads\/2021\/11\/restauration-1.jpg 2048w, https:\/\/www.bei-paul.de\/leo\/wp-content\/uploads\/2021\/11\/restauration-1-100x100.jpg 100w, https:\/\/www.bei-paul.de\/leo\/wp-content\/uploads\/2021\/11\/restauration-1-200x200.jpg 200w, https:\/\/www.bei-paul.de\/leo\/wp-content\/uploads\/2021\/11\/restauration-1-450x450.jpg 450w, https:\/\/www.bei-paul.de\/leo\/wp-content\/uploads\/2021\/11\/restauration-1-600x600.jpg 600w, https:\/\/www.bei-paul.de\/leo\/wp-content\/uploads\/2021\/11\/restauration-1-900x900.jpg 900w\" sizes=\"auto, (max-width: 1024px) 100vw, 1024px\" \/><\/figure><div class=\"wp-block-media-text__content\">\n<p id=\"restaurationsarbeiten\"><strong>RESTAURIEREN<\/strong><\/p>\n\n\n\n<ul class=\"wp-block-list\"><li>Schutz und Erhaltung alter Geb\u00e4ude s\u00e4mtlicher Stilrichtungen<\/li><li>Beratung durch Fachpersonal<\/li><li>Kooperation mit dem Amt f\u00fcr Denkmalpflege<\/li><li>Stuckverlegungen<\/li><li>Vergoldungen<\/li><li>Marmorieren<\/li><li>Bauernmalerei<\/li><\/ul>\n<\/div><\/div>\n\n\n\n<div style=\"height:100px\" aria-hidden=\"true\" class=\"wp-block-spacer\"><\/div>\n\n\n\n<div class=\"wp-block-media-text alignwide is-stacked-on-mobile is-vertically-aligned-top\" style=\"grid-template-columns:27% auto\" id=\"beschichtungsarbeiten\"><figure class=\"wp-block-media-text__media\"><img loading=\"lazy\" decoding=\"async\" width=\"240\" height=\"240\" src=\"https:\/\/www.bei-paul.de\/leo\/wp-content\/uploads\/2021\/10\/240_F_322321197_A9YtJmYdCo6FsUwWPOJ4dFO6EohrOHFO-6.jpg\" alt=\"\" class=\"wp-image-296 size-full\" srcset=\"https:\/\/www.bei-paul.de\/leo\/wp-content\/uploads\/2021\/10\/240_F_322321197_A9YtJmYdCo6FsUwWPOJ4dFO6EohrOHFO-6.jpg 240w, https:\/\/www.bei-paul.de\/leo\/wp-content\/uploads\/2021\/10\/240_F_322321197_A9YtJmYdCo6FsUwWPOJ4dFO6EohrOHFO-6-150x150.jpg 150w, https:\/\/www.bei-paul.de\/leo\/wp-content\/uploads\/2021\/10\/240_F_322321197_A9YtJmYdCo6FsUwWPOJ4dFO6EohrOHFO-6-100x100.jpg 100w, https:\/\/www.bei-paul.de\/leo\/wp-content\/uploads\/2021\/10\/240_F_322321197_A9YtJmYdCo6FsUwWPOJ4dFO6EohrOHFO-6-200x200.jpg 200w\" sizes=\"auto, (max-width: 240px) 100vw, 240px\" \/><\/figure><div class=\"wp-block-media-text__content\">\n<p id=\"beschichtungsarbeiten\"><strong>BESCHICHTUNGEN<\/strong><\/p>\n\n\n\n<ul class=\"wp-block-list\"><li>Maschinenlackierungen<\/li><li>Brandschutzsysteme<\/li><li>Sanierungen<\/li><\/ul>\n<\/div><\/div>\n\n\n\n<div style=\"height:100px\" aria-hidden=\"true\" class=\"wp-block-spacer\"><\/div>\n\n\n\n<div class=\"wp-block-media-text alignwide is-stacked-on-mobile is-vertically-aligned-top\" style=\"grid-template-columns:27% auto\" id=\"umwelt\"><figure class=\"wp-block-media-text__media\"><img loading=\"lazy\" decoding=\"async\" width=\"741\" height=\"650\" src=\"https:\/\/www.bei-paul.de\/leo\/wp-content\/uploads\/2021\/10\/3.Unbenannt.png\" alt=\"\" class=\"wp-image-299 size-full\" srcset=\"https:\/\/www.bei-paul.de\/leo\/wp-content\/uploads\/2021\/10\/3.Unbenannt.png 741w, https:\/\/www.bei-paul.de\/leo\/wp-content\/uploads\/2021\/10\/3.Unbenannt-300x263.png 300w, https:\/\/www.bei-paul.de\/leo\/wp-content\/uploads\/2021\/10\/3.Unbenannt-100x88.png 100w, https:\/\/www.bei-paul.de\/leo\/wp-content\/uploads\/2021\/10\/3.Unbenannt-150x132.png 150w, https:\/\/www.bei-paul.de\/leo\/wp-content\/uploads\/2021\/10\/3.Unbenannt-200x175.png 200w, https:\/\/www.bei-paul.de\/leo\/wp-content\/uploads\/2021\/10\/3.Unbenannt-450x395.png 450w, https:\/\/www.bei-paul.de\/leo\/wp-content\/uploads\/2021\/10\/3.Unbenannt-600x526.png 600w\" sizes=\"auto, (max-width: 741px) 100vw, 741px\" \/><\/figure><div class=\"wp-block-media-text__content\">\n<p id=\"umwelt\"><strong>UMWELT<\/strong><\/p>\n\n\n\n<ul class=\"wp-block-list\"><li>biologische Anstrichtechniken<\/li><li>\u00f6kologische Beratung<\/li><\/ul>\n<\/div><\/div>\n\n\n\n<div style=\"height:100px\" aria-hidden=\"true\" class=\"wp-block-spacer\"><\/div>\n\n\n\n<div class=\"wp-block-media-text alignwide is-stacked-on-mobile is-vertically-aligned-top\" style=\"grid-template-columns:27% auto\" id=\"fassadenarbeiten\"><figure class=\"wp-block-media-text__media\"><img loading=\"lazy\" decoding=\"async\" width=\"574\" height=\"682\" src=\"https:\/\/www.bei-paul.de\/leo\/wp-content\/uploads\/2021\/10\/4.Unbenannt.png\" alt=\"\" class=\"wp-image-300 size-full\" srcset=\"https:\/\/www.bei-paul.de\/leo\/wp-content\/uploads\/2021\/10\/4.Unbenannt.png 574w, https:\/\/www.bei-paul.de\/leo\/wp-content\/uploads\/2021\/10\/4.Unbenannt-252x300.png 252w, https:\/\/www.bei-paul.de\/leo\/wp-content\/uploads\/2021\/10\/4.Unbenannt-100x119.png 100w, https:\/\/www.bei-paul.de\/leo\/wp-content\/uploads\/2021\/10\/4.Unbenannt-150x178.png 150w, https:\/\/www.bei-paul.de\/leo\/wp-content\/uploads\/2021\/10\/4.Unbenannt-200x238.png 200w, https:\/\/www.bei-paul.de\/leo\/wp-content\/uploads\/2021\/10\/4.Unbenannt-300x356.png 300w, https:\/\/www.bei-paul.de\/leo\/wp-content\/uploads\/2021\/10\/4.Unbenannt-450x535.png 450w\" sizes=\"auto, (max-width: 574px) 100vw, 574px\" \/><\/figure><div class=\"wp-block-media-text__content\">\n<p><strong>FASSADEN<\/strong><\/p>\n\n\n\n<ul class=\"wp-block-list\"><li>Vollw\u00e4rmeschutzarbeiten<\/li><li>Fassadenanstrich<\/li><li>Verputzarbeiten<\/li><li>Kunstharzputze<\/li><li>Armierungen<\/li><li>Ger\u00fcstbau<\/li><\/ul>\n<\/div><\/div>\n\n\n\n<div style=\"height:100px\" aria-hidden=\"true\" class=\"wp-block-spacer\"><\/div>\n\n\n\n<div class=\"wp-block-media-text alignwide is-stacked-on-mobile is-vertically-aligned-top\" style=\"grid-template-columns:28% auto\" id=\"betonsanierungsarbeiten\"><figure class=\"wp-block-media-text__media\"><img loading=\"lazy\" decoding=\"async\" width=\"1024\" height=\"1024\" src=\"https:\/\/www.bei-paul.de\/leo\/wp-content\/uploads\/2021\/11\/stuckateur-1-1024x1024.jpg\" alt=\"\" class=\"wp-image-554 size-full\" srcset=\"https:\/\/www.bei-paul.de\/leo\/wp-content\/uploads\/2021\/11\/stuckateur-1-1024x1024.jpg 1024w, https:\/\/www.bei-paul.de\/leo\/wp-content\/uploads\/2021\/11\/stuckateur-1-300x300.jpg 300w, https:\/\/www.bei-paul.de\/leo\/wp-content\/uploads\/2021\/11\/stuckateur-1-150x150.jpg 150w, https:\/\/www.bei-paul.de\/leo\/wp-content\/uploads\/2021\/11\/stuckateur-1-768x768.jpg 768w, https:\/\/www.bei-paul.de\/leo\/wp-content\/uploads\/2021\/11\/stuckateur-1-1536x1536.jpg 1536w, https:\/\/www.bei-paul.de\/leo\/wp-content\/uploads\/2021\/11\/stuckateur-1.jpg 2048w, https:\/\/www.bei-paul.de\/leo\/wp-content\/uploads\/2021\/11\/stuckateur-1-100x100.jpg 100w, https:\/\/www.bei-paul.de\/leo\/wp-content\/uploads\/2021\/11\/stuckateur-1-200x200.jpg 200w, https:\/\/www.bei-paul.de\/leo\/wp-content\/uploads\/2021\/11\/stuckateur-1-450x450.jpg 450w, https:\/\/www.bei-paul.de\/leo\/wp-content\/uploads\/2021\/11\/stuckateur-1-600x600.jpg 600w, https:\/\/www.bei-paul.de\/leo\/wp-content\/uploads\/2021\/11\/stuckateur-1-900x900.jpg 900w\" sizes=\"auto, (max-width: 1024px) 100vw, 1024px\" \/><\/figure><div class=\"wp-block-media-text__content\">\n<p><strong>BETONSANIERUNG<\/strong><\/p>\n\n\n\n<ul class=\"wp-block-list\"><li>komplette Sanierungssysteme<\/li><li>Verg\u00fcten und Versiegeln<\/li><li>Schutzbeschichtungen<\/li><li>Verfugungen<\/li><\/ul>\n<\/div><\/div>\n\n\n\n<div style=\"height:100px\" aria-hidden=\"true\" class=\"wp-block-spacer\"><\/div>\n\n\n\n<p class=\"has-normal-font-size\"><strong>Wir arbeiten schnell, zuverl\u00e4ssig, zielgerichtet, sparsam und&nbsp;etatorientiert<br>Ihre Bed\u00fcrfnisse und ihr pers\u00f6nlicher Stil stehen bei uns im Vordergrund<\/strong><\/p>\n","protected":false},"excerpt":{"rendered":"<p>Zufriedene Kunden sind unser gr\u00f6\u00dftes Ziel, professionelles Arbeiten absolute Selbstverst\u00e4ndlichkeit.Mit dieser&nbsp;Online-Datenbank&nbsp;erhalten Sie kostenlos und direkt relevante Informationen \u00fcber alle F\u00f6rdergelder f\u00fcr Ihr Bauvorhaben oder Sanierung. Um den Anspruch gerecht zu werden und einen allumfassenden Service mit Beratung bieten zu k\u00f6nnen, &hellip;<\/p>\n<p class=\"read-more\"> <a class=\"more-link\" href=\"https:\/\/www.bei-paul.de\/leo\/leistungen\/\"> <span class=\"screen-reader-text\">Leistungen<\/span> Read More &raquo;<\/a><\/p>\n","protected":false},"author":1,"featured_media":0,"parent":0,"menu_order":0,"comment_status":"closed","ping_status":"closed","template":"","meta":{"footnotes":""},"class_list":["post-2","page","type-page","status-publish","hentry"],"_links":{"self":[{"href":"https:\/\/www.bei-paul.de\/leo\/wp-json\/wp\/v2\/pages\/2","targetHints":{"allow":["GET"]}}],"collection":[{"href":"https:\/\/www.bei-paul.de\/leo\/wp-json\/wp\/v2\/pages"}],"about":[{"href":"https:\/\/www.bei-paul.de\/leo\/wp-json\/wp\/v2\/types\/page"}],"author":[{"embeddable":true,"href":"https:\/\/www.bei-paul.de\/leo\/wp-json\/wp\/v2\/users\/1"}],"replies":[{"embeddable":true,"href":"https:\/\/www.bei-paul.de\/leo\/wp-json\/wp\/v2\/comments?post=2"}],"version-history":[{"count":34,"href":"https:\/\/www.bei-paul.de\/leo\/wp-json\/wp\/v2\/pages\/2\/revisions"}],"predecessor-version":[{"id":587,"href":"https:\/\/www.bei-paul.de\/leo\/wp-json\/wp\/v2\/pages\/2\/revisions\/587"}],"wp:attachment":[{"href":"https:\/\/www.bei-paul.de\/leo\/wp-json\/wp\/v2\/media?parent=2"}],"curies":[{"name":"wp","href":"https:\/\/api.w.org\/{rel}","templated":true}]}}