{"id":215,"date":"2021-10-27T14:03:46","date_gmt":"2021-10-27T12:03:46","guid":{"rendered":"https:\/\/www.bei-paul.de\/leo\/?page_id=215"},"modified":"2021-11-03T09:39:55","modified_gmt":"2021-11-03T08:39:55","slug":"kontakt","status":"publish","type":"page","link":"https:\/\/www.bei-paul.de\/leo\/kontakt\/","title":{"rendered":"Kontakt"},"content":{"rendered":"\n<p>Malerwerkst\u00e4tte Stuber<\/p>\n\n\n\n<p>M\u00fcnchinger Strasse 22<br>71706 Markgr\u00f6ningen<br>Deutschland<br>07145-5309<\/p>\n\n\n\n<p>E-Mail: kontakt@maler-stuber.de<\/p>\n\n\n\n<p><\/p>\n","protected":false},"excerpt":{"rendered":"<p>Malerwerkst\u00e4tte Stuber M\u00fcnchinger Strasse 2271706 Markgr\u00f6ningenDeutschland07145-5309 E-Mail: kontakt@maler-stuber.de<\/p>\n","protected":false},"author":2,"featured_media":0,"parent":0,"menu_order":0,"comment_status":"closed","ping_status":"closed","template":"","meta":{"footnotes":""},"class_list":["post-215","page","type-page","status-publish","hentry"],"_links":{"self":[{"href":"https:\/\/www.bei-paul.de\/leo\/wp-json\/wp\/v2\/pages\/215","targetHints":{"allow":["GET"]}}],"collection":[{"href":"https:\/\/www.bei-paul.de\/leo\/wp-json\/wp\/v2\/pages"}],"about":[{"href":"https:\/\/www.bei-paul.de\/leo\/wp-json\/wp\/v2\/types\/page"}],"author":[{"embeddable":true,"href":"https:\/\/www.bei-paul.de\/leo\/wp-json\/wp\/v2\/users\/2"}],"replies":[{"embeddable":true,"href":"https:\/\/www.bei-paul.de\/leo\/wp-json\/wp\/v2\/comments?post=215"}],"version-history":[{"count":3,"href":"https:\/\/www.bei-paul.de\/leo\/wp-json\/wp\/v2\/pages\/215\/revisions"}],"predecessor-version":[{"id":589,"href":"https:\/\/www.bei-paul.de\/leo\/wp-json\/wp\/v2\/pages\/215\/revisions\/589"}],"wp:attachment":[{"href":"https:\/\/www.bei-paul.de\/leo\/wp-json\/wp\/v2\/media?parent=215"}],"curies":[{"name":"wp","href":"https:\/\/api.w.org\/{rel}","templated":true}]}}