{"id":458,"date":"2021-10-29T16:35:55","date_gmt":"2021-10-29T14:35:55","guid":{"rendered":"https:\/\/www.bei-paul.de\/leo\/?page_id=458"},"modified":"2021-11-01T17:19:55","modified_gmt":"2021-11-01T16:19:55","slug":"stukateur-und-trockenbau","status":"publish","type":"page","link":"https:\/\/www.bei-paul.de\/leo\/stukateur-und-trockenbau\/","title":{"rendered":"Stukateur und Trockenbau"},"content":{"rendered":"\n<h2 class=\"has-button-color-color has-text-color wp-block-heading\">Innen- und Au\u00dfenarbeiten<\/h2>\n\n\n\n<div class=\"wp-block-columns is-layout-flex wp-container-core-columns-is-layout-9d6595d7 wp-block-columns-is-layout-flex\">\n<div class=\"wp-block-column is-layout-flow wp-block-column-is-layout-flow\" style=\"flex-basis:66.66%\">\n<p>Trockenbauarbeiten f\u00fchren wir im Decken und Wandbereich aus, sowie als Spezialtrockenbau f\u00fcr Brand-oder Schallschutzarbeiten.<br><br><br>F\u00fcr Sie bieten wir Stukateurarbeiten in vielen Bereichen an, so zum Beispiel<\/p>\n\n\n\n<ul class=\"wp-block-list\"><li>Nassputzarbeiten im Innen und Aussenbereich<\/li><li>Sanierputze f\u00fcr feuchte W\u00e4nde und Salpeterausbl\u00e4hungen<\/li><li>Sonderputze f\u00fcr B\u00e4der, geeignet f\u00fcr Fliesen oder Kalkpresstechniken.<br><br><\/li><\/ul>\n<\/div>\n\n\n\n<div class=\"wp-block-column is-layout-flow wp-block-column-is-layout-flow\" style=\"flex-basis:33.33%\">\n<figure class=\"wp-block-image size-large\"><img loading=\"lazy\" decoding=\"async\" width=\"1024\" height=\"1024\" src=\"https:\/\/www.bei-paul.de\/leo\/wp-content\/uploads\/2021\/11\/stuckateur-1-1024x1024.jpg\" alt=\"\" class=\"wp-image-554\" srcset=\"https:\/\/www.bei-paul.de\/leo\/wp-content\/uploads\/2021\/11\/stuckateur-1-1024x1024.jpg 1024w, https:\/\/www.bei-paul.de\/leo\/wp-content\/uploads\/2021\/11\/stuckateur-1-300x300.jpg 300w, https:\/\/www.bei-paul.de\/leo\/wp-content\/uploads\/2021\/11\/stuckateur-1-150x150.jpg 150w, https:\/\/www.bei-paul.de\/leo\/wp-content\/uploads\/2021\/11\/stuckateur-1-768x768.jpg 768w, https:\/\/www.bei-paul.de\/leo\/wp-content\/uploads\/2021\/11\/stuckateur-1-1536x1536.jpg 1536w, https:\/\/www.bei-paul.de\/leo\/wp-content\/uploads\/2021\/11\/stuckateur-1.jpg 2048w, https:\/\/www.bei-paul.de\/leo\/wp-content\/uploads\/2021\/11\/stuckateur-1-100x100.jpg 100w, https:\/\/www.bei-paul.de\/leo\/wp-content\/uploads\/2021\/11\/stuckateur-1-200x200.jpg 200w, https:\/\/www.bei-paul.de\/leo\/wp-content\/uploads\/2021\/11\/stuckateur-1-450x450.jpg 450w, https:\/\/www.bei-paul.de\/leo\/wp-content\/uploads\/2021\/11\/stuckateur-1-600x600.jpg 600w, https:\/\/www.bei-paul.de\/leo\/wp-content\/uploads\/2021\/11\/stuckateur-1-900x900.jpg 900w\" sizes=\"auto, (max-width: 1024px) 100vw, 1024px\" \/><\/figure>\n<\/div>\n<\/div>\n\n\n\n<div style=\"height:100px\" aria-hidden=\"true\" class=\"wp-block-spacer\"><\/div>\n\n\n\n<div class=\"wp-block-columns is-layout-flex wp-container-core-columns-is-layout-9d6595d7 wp-block-columns-is-layout-flex\">\n<div class=\"wp-block-column is-layout-flow wp-block-column-is-layout-flow\">\n<figure class=\"wp-block-image size-full\"><img loading=\"lazy\" decoding=\"async\" width=\"800\" height=\"450\" src=\"https:\/\/www.bei-paul.de\/leo\/wp-content\/uploads\/2021\/10\/maler_stuber_putz_stuck_trocken_01.jpg\" alt=\"\" class=\"wp-image-460\" srcset=\"https:\/\/www.bei-paul.de\/leo\/wp-content\/uploads\/2021\/10\/maler_stuber_putz_stuck_trocken_01.jpg 800w, https:\/\/www.bei-paul.de\/leo\/wp-content\/uploads\/2021\/10\/maler_stuber_putz_stuck_trocken_01-300x169.jpg 300w, https:\/\/www.bei-paul.de\/leo\/wp-content\/uploads\/2021\/10\/maler_stuber_putz_stuck_trocken_01-768x432.jpg 768w, https:\/\/www.bei-paul.de\/leo\/wp-content\/uploads\/2021\/10\/maler_stuber_putz_stuck_trocken_01-100x56.jpg 100w, https:\/\/www.bei-paul.de\/leo\/wp-content\/uploads\/2021\/10\/maler_stuber_putz_stuck_trocken_01-150x84.jpg 150w, https:\/\/www.bei-paul.de\/leo\/wp-content\/uploads\/2021\/10\/maler_stuber_putz_stuck_trocken_01-200x113.jpg 200w, https:\/\/www.bei-paul.de\/leo\/wp-content\/uploads\/2021\/10\/maler_stuber_putz_stuck_trocken_01-450x253.jpg 450w, https:\/\/www.bei-paul.de\/leo\/wp-content\/uploads\/2021\/10\/maler_stuber_putz_stuck_trocken_01-600x338.jpg 600w\" sizes=\"auto, (max-width: 800px) 100vw, 800px\" \/><\/figure>\n<\/div>\n\n\n\n<div class=\"wp-block-column is-layout-flow wp-block-column-is-layout-flow\">\n<figure class=\"wp-block-image size-full\"><img loading=\"lazy\" decoding=\"async\" width=\"800\" height=\"450\" src=\"https:\/\/www.bei-paul.de\/leo\/wp-content\/uploads\/2021\/10\/maler_stuber_putz_stuck_trocken_02.jpg\" alt=\"\" class=\"wp-image-461\" srcset=\"https:\/\/www.bei-paul.de\/leo\/wp-content\/uploads\/2021\/10\/maler_stuber_putz_stuck_trocken_02.jpg 800w, https:\/\/www.bei-paul.de\/leo\/wp-content\/uploads\/2021\/10\/maler_stuber_putz_stuck_trocken_02-300x169.jpg 300w, https:\/\/www.bei-paul.de\/leo\/wp-content\/uploads\/2021\/10\/maler_stuber_putz_stuck_trocken_02-768x432.jpg 768w, https:\/\/www.bei-paul.de\/leo\/wp-content\/uploads\/2021\/10\/maler_stuber_putz_stuck_trocken_02-100x56.jpg 100w, https:\/\/www.bei-paul.de\/leo\/wp-content\/uploads\/2021\/10\/maler_stuber_putz_stuck_trocken_02-150x84.jpg 150w, https:\/\/www.bei-paul.de\/leo\/wp-content\/uploads\/2021\/10\/maler_stuber_putz_stuck_trocken_02-200x113.jpg 200w, https:\/\/www.bei-paul.de\/leo\/wp-content\/uploads\/2021\/10\/maler_stuber_putz_stuck_trocken_02-450x253.jpg 450w, https:\/\/www.bei-paul.de\/leo\/wp-content\/uploads\/2021\/10\/maler_stuber_putz_stuck_trocken_02-600x338.jpg 600w\" sizes=\"auto, (max-width: 800px) 100vw, 800px\" \/><\/figure>\n<\/div>\n<\/div>\n\n\n\n<div style=\"height:100px\" aria-hidden=\"true\" class=\"wp-block-spacer\"><\/div>\n\n\n\n<blockquote class=\"wp-block-quote is-style-large is-layout-flow wp-block-quote-is-layout-flow\"><p><strong>F\u00fcr Sie sind wir fit.<\/strong><\/p><\/blockquote>\n","protected":false},"excerpt":{"rendered":"<p>Innen- und Au\u00dfenarbeiten Trockenbauarbeiten f\u00fchren wir im Decken und Wandbereich aus, sowie als Spezialtrockenbau f\u00fcr Brand-oder Schallschutzarbeiten. F\u00fcr Sie bieten wir Stukateurarbeiten in vielen Bereichen an, so zum Beispiel Nassputzarbeiten im Innen und Aussenbereich Sanierputze f\u00fcr feuchte W\u00e4nde und Salpeterausbl\u00e4hungen &hellip;<\/p>\n<p class=\"read-more\"> <a class=\"more-link\" href=\"https:\/\/www.bei-paul.de\/leo\/stukateur-und-trockenbau\/\"> <span class=\"screen-reader-text\">Stukateur und Trockenbau<\/span> Read More &raquo;<\/a><\/p>\n","protected":false},"author":2,"featured_media":0,"parent":0,"menu_order":0,"comment_status":"closed","ping_status":"closed","template":"","meta":{"footnotes":""},"class_list":["post-458","page","type-page","status-publish","hentry"],"_links":{"self":[{"href":"https:\/\/www.bei-paul.de\/leo\/wp-json\/wp\/v2\/pages\/458","targetHints":{"allow":["GET"]}}],"collection":[{"href":"https:\/\/www.bei-paul.de\/leo\/wp-json\/wp\/v2\/pages"}],"about":[{"href":"https:\/\/www.bei-paul.de\/leo\/wp-json\/wp\/v2\/types\/page"}],"author":[{"embeddable":true,"href":"https:\/\/www.bei-paul.de\/leo\/wp-json\/wp\/v2\/users\/2"}],"replies":[{"embeddable":true,"href":"https:\/\/www.bei-paul.de\/leo\/wp-json\/wp\/v2\/comments?post=458"}],"version-history":[{"count":5,"href":"https:\/\/www.bei-paul.de\/leo\/wp-json\/wp\/v2\/pages\/458\/revisions"}],"predecessor-version":[{"id":556,"href":"https:\/\/www.bei-paul.de\/leo\/wp-json\/wp\/v2\/pages\/458\/revisions\/556"}],"wp:attachment":[{"href":"https:\/\/www.bei-paul.de\/leo\/wp-json\/wp\/v2\/media?parent=458"}],"curies":[{"name":"wp","href":"https:\/\/api.w.org\/{rel}","templated":true}]}}